t is the greatest common factor of 380 and 665?
95
What is the greatest common factor of 109003 and 19?
19
What is the highest common factor of 29 and 464?
29
Calculate the highest common factor of 873 and 388.
97
What is the highest common divisor of 16060 and 660?
220
What is the greatest common divisor of 7 and 9?
1
What is the highest common factor of 612 and 136?
68
Calculate the highest common divisor of 882 and 18.
18
Calculate the highest common factor of 465 and 62.
31
Calculate the greatest common factor of 1950 and 22.
2
Calculate the highest common divisor of 4344 and 48.
24
What is the highest common divisor of 168 and 138?
6
Calculate the highest common factor of 2623 and 61.
61
What is the greatest common divisor of 70 and 6685?
35
Calculate the highest common divisor of 1133 and 11.
11
What is the greatest common divisor of 10 and 430?
10
Calculate the highest common factor of 9 and 39.
3
Calculate the highest common divisor of 6 and 618.
6
Calculate the greatest common divisor of 1209 and 13.
13
What is the greatest common divisor of 4 and 121?
1
What is the highest common factor of 117 and 91?
13
What is the greatest common divisor of 5 and 1560?
5
What is the greatest common factor of 19502 and 14?
14
Calculate the highest common factor of 130 and 39.
13
What is the greatest common divisor of 14 and 6?
2
What is the highest common divisor of 253 and 2231?
23
What is the highest common divisor of 62 and 17763?
31
Calculate the highest common factor of 44093 and 7.
7
What is the greatest common factor of 90 and 11295?
45
Calculate the greatest common divisor of 2197 and 1352.
169
What is the highest common divisor of 8947 and 23?
23
Calculate the greatest common divisor of 976 and 10.
2
Calculate the highest common factor of 22 and 2750.
22
Calculate the greatest common divisor of 1455 and 45.
15
Calculate the highest common factor of 33 and 1419.
33
What is the greatest common divisor of 170 and 136?
34
Calculate the highest common factor of 899 and 29.
29
Calculate the highest common divisor of 217 and 28.
7
What is the highest common factor of 11 and 176?
11
Calculate the greatest common factor of 880 and 110.
110
What is the highest common divisor of 395 and 10?
5
What is the greatest common factor of 705 and 15?
15
Calculate the greatest common factor of 475 and 665.
95
What is the highest common factor of 165 and 715?
55
Calculate the greatest common divisor of 175 and 9205.
35
Calculate the highest common factor of 21 and 161.
7
Calculate the highest common factor of 46 and 1058.
46
Calculate the highest common divisor of 12320 and 896.
224
What is the greatest common factor of 810 and 756?
54
What is the highest common divisor of 50 and 1325?
25
What is the highest common divisor of 315 and 2877?
21
Calculate the highest common divisor of 1022 and 119.
7
Calculate the highest common factor of 37 and 703.
37
Calculate the highest common divisor of 266 and 406.
14
What is the greatest common factor of 20 and 340?
20
Calculate the highest common divisor of 35 and 2191.
7
Calculate the highest common divisor of 56 and 98.
14
Calculate the greatest common factor of 7284 and 12.
12
What is the greatest common divisor of 51 and 1632?
51
What is the greatest common divisor of 2030 and 1540?
70
What is the greatest common divisor of 5 and 3?
1
What is the greatest common divisor of 15 and 2?
1
What is the highest common divisor of 170 and 180?
10
What is the greatest common factor of 138 and 98256?
138
What is the greatest common divisor of 187 and 51?
17
What is the greatest common divisor of 3 and 8?
1
What is the highest common factor of 11 and 1903?
11
What is the highest common factor of 45 and 9?
9
What is the highest common divisor of 372 and 12?
12
What is the highest common factor of 470 and 611?
47
Calculate the highest common divisor of 80 and 32.
16
Calculate the greatest common divisor of 116 and 841.
29
What is the highest common factor of 4 and 44?
4
What is the greatest common divisor of 72410 and 13?
13
What is the greatest common factor of 2172 and 36?
12
Calculate the greatest common factor of 66096 and 272.
272
What is the highest common factor of 144 and 48?
48
Calculate the highest common divisor of 161 and 89677.
161
Calculate the greatest common factor of 1228 and 7061.
307
Calculate the greatest common divisor of 45 and 405.
45
Calculate the highest common factor of 637 and 441.
49
What is the greatest common factor of 105 and 5385?
15
Calculate the highest common divisor of 198 and 126.
18
What is the greatest common factor of 105 and 336?
21
Calculate the highest common factor of 20 and 260.
20
What is the highest common factor of 22 and 1342?
22
What is the highest common factor of 1408 and 11?
11
What is the highest common factor of 42 and 350?
14
Calculate the greatest common divisor of 2015 and 26.
13
What is the highest common divisor of 390 and 1118?
26
Calculate the greatest common factor of 149 and 3.
1
What is the greatest common divisor of 12 and 128?
4
Calculate the greatest common factor of 18 and 4152.
6
Calculate the greatest common divisor of 2666 and 86.
86
Calculate the greatest common divisor of 4 and 512.
4
What is the highest common factor of 20 and 12?
4
Calculate the greatest common factor of 54 and 2982.
6
Calculate the greatest common factor of 2873 and 17.
17
Calculate the greatest common factor of 324 and 84.
12
Calculate the highest common factor of 6750 and 50.
50
Calculate the greatest common factor of 21 and 399.
21
What is the greatest common factor of 18 and 9054?
18
What is the greatest common divisor of 135 and 2160?
135
What is the greatest common factor of 19 and 5?
1
Calculate the greatest common divisor of 8 and 9024.
8
What is the highest common factor of 348 and 36?
12
What is the greatest common divisor of 14481 and 9?
9
Calculate the greatest common divisor of 225 and 36.
9
Calculate the greatest common factor of 4893 and 105.
21
Calculate the greatest common factor of 144 and 2952.
72
Calculate the greatest common divisor of 304 and 2812.
76
Calculate the highest common divisor of 840 and 12.
12
Calculate the greatest common factor of 4 and 2.
2
Calculate the highest common divisor of 435 and 30.
15
Calculate the greatest common factor of 63 and 28.
7
What is the greatest common factor of 98 and 266?
14
What is the greatest common divisor of 490 and 50?
10
What is the highest common divisor of 684 and 36?
36
What is the greatest common factor of 11 and 297?
11
Calculate the highest common factor of 143 and 253.
11
What is the highest common divisor of 75 and 925?
25
What is the highest common divisor of 7 and 3073?
7
What is the highest common factor of 22534 and 38?
38
Calculate the highest common factor of 11905 and 5.
5
What is the greatest common factor of 111 and 48?
3
Calculate the highest common factor of 403 and 155.
31
Calculate the greatest common factor of 9 and 1458.
9
Calculate the greatest common divisor of 3587 and 633.
211
What is the greatest common divisor of 320 and 1480?
40
Calculate the highest common factor of 55 and 473.
11
What is the highest common divisor of 162 and 864?
54
What is the highest common factor of 437 and 5957?
23
Calculate the greatest common divisor of 1440 and 18.
18
What is the highest common factor of 56 and 4984?
56
What is the highest common factor of 8 and 558?
2
Calculate the greatest common divisor of 15 and 405.
15
Calculate the highest common divisor of 143 and 77.
11
Calculate the greatest common divisor of 376 and 564.
188
What is the highest common divisor of 32205 and 1017?
339
Calculate the highest common factor of 123 and 15375.
123
What is the highest common divisor of 572 and 4?
4
Calculate the highest common divisor of 52 and 403.
13
Calculate the greatest common divisor of 332 and 12.
4
Calculate the greatest common divisor of 11 and 17237.
11
Calculate the highest common divisor of 58 and 464.
58
Calculate the greatest common factor of 14624 and 256.
32
What is the greatest common divisor of 814 and 44?
22
What is the greatest common factor of 261 and 117?
9
Calculate the greatest common divisor of 39 and 2509.
13
What is the greatest common divisor of 360 and 10?
10
Calculate the highest comm